ed by 9.
4
Let v(g) = g**2 + 18*g - 39. Let h be v(-25). Let b = h - 134. Calculate the remainder when 2 is divided by b.
0
Let p(u) = u**2 + 8*u + 11. Let f be p(-7). Let n be 3*(-2)/f*(-6)/9. Suppose 6*a - 29 = n. Calculate the remainder when 19 is divided by a.
4
Suppose 5*v + 1802 = 3*o, -2*v + 1046 + 166 = 2*o. Let x = o - 562. What is the remainder when 249 is divided by x?
39
Suppose -2*c - 5 = 5*p, -4*p = -4*c + 3 + 1. Suppose c = 5*d + 5, k + d - 129 = -4*k. What is the remainder when k is divided by ((-3)/2)/((-93)/434) + 2?
8
Let c = 15 - -13. Suppose 83*x - 1140 = 354. Let l = c - x. What is the remainder when 17 is divided by l?
7
Suppose -36 = -4*w + 4*r, -3*w + 7 = 3*r - 2*r. Suppose -34 = -p + w*b, -5 = 4*b + 11. Suppose 9*m = -p + 414. What is the remainder when m is divided by 16?
12
Suppose 3*n + 300 - 30 = 0. Suppose 5*u - 5*g = -7 + 37, -g = 2*u - 3. Calculate the remainder when (18/2)/((-45)/n) is divided by u.
0
Let u = 936 - 583. Let f = u + -185. What is the remainder when f is divided by 57?
54
Suppose 77 + 19 = 2*m. Suppose 3*i - 55 = -5*q, 2*q + 3*i - 36 = -i. What is the remainder when (-4266)/72*q/(-2) is divided by m?
45
Suppose -36*z + 108 = -2376. Calculate the remainder when z is divided by (-14 + 8)/(6/(-8)).
5
Suppose -w - 2 = 4*a, 14*a - 1 = 11*a - 2*w. What is the remainder when (21 - -38) + (a - (-1 - -1)) is divided by 16?
10
Let x be (4 - 156/(-18)) + (-8)/(-6). Suppose -3*q + 3*b = -78, 2*q + q - 81 = 2*b. Calculate the remainder when q is divided by (4 - 0)*x/70*15.
5
Let u = -230 + 218. Let f(l) = -l**3 + l + 2. Let k be f(-2). Let o = k - u. What is the remainder when 31 is divided by o?
11
Suppose 2*z + 44*v = 45*v + 1680, 0 = -2*z + 3*v + 1676. Calculate the remainder when z is divided by 407.
27
Let j(b) = 3*b**3 - 18*b**2 - 49*b + 115. Calculate the remainder when 334 is divided by j(8).
13
Let g be ((-5)/(-10))/(5/(-200)). Suppose -2*r + 0*r + 4*h = 12, h = 5. What is the remainder when (-30)/300 - 362/g is divided by r?
2
Let f(b) = b**3 - 2*b**2 + 5*b - 2. Suppose 2 = 2*q - 2*k, -5*q = 5*k + 2 - 17. What is the remainder when 36 is divided by f(q)?
4
What is the remainder when (30/(-2))/(3/(-12)) is divided by 2/24*-28*-3?
4
Let y be -1*3 + (2 - 0) - -43. Suppose -35*p = -y*p + 217. What is the remainder when 147 is divided by p?
23
Let i(v) = -121*v**2 + 141*v**2 + 4*v - 2*v - 32 - v**3. Calculate the remainder when 27 is divided by i(20).
3
Let x be (-156)/6 + 0 + 2. Let t = -1 - x. Let i(g) = -3*g**3 - 5*g**2 - 3*g - 1. Calculate the remainder when i(-3) is divided by t.
21
Suppose -20 = -2*w + 106. Let y = w + -31. Suppose n + y = 5*n. Calculate the remainder when 23 is divided by n.
7
Let k(q) = -3*q**3 + 233*q**2 + 117*q - 102. Calculate the remainder when k(78) is divided by 67.
59
Let l = 1 - -2. Suppose 7 + 71 = l*i. Let u = 6576 - 6561. What is the remainder when i is divided by u?
11
Let w = 835 - 581. Calculate the remainder when 4/(-14) + (-1)/((-7)/w) is divided by (-76)/(-6) - (-8)/(19 + 5).
10
Suppose 3*v - 2*y + 180 = 5*v, -89 = -v - 2*y. What is the remainder when 4730 is divided by v?
89
Let z = 5523 + -5450. What is the remainder when 564 is divided by z?
53
Let q be (-110)/(-33)*(-3)/(-2). Suppose -q*b + 94 - 39 = 0. What is the remainder when 74 is divided by b?
8
Let y = -170 + 175. Suppose 15 = 5*j, -y*c - 2*j + 365 = 69. Suppose -3*b + 2*b = -16. What is the remainder when c is divided by b?
10
Let j = 32 + 18. Suppose 3 = 7*u - 32. Suppose 3*l + 75 = 4*p, -87 = -u*p + l - 4*l. Calculate the remainder when j is divided by p.
14
Let x = 12959 - 12892. Calculate the remainder when 595 is divided by x.
59
What is the remainder when 737 is divided by 217/2 + (66/(-12) - -4)?
95
Suppose -4*h + 3*h = h - 26. What is the remainder when 1728 is divided by h?
12
Let f(o) = -18*o - 443. Calculate the remainder when f(-36) is divided by 111.
94
Let x(m) = m**3 - 56*m**2 - 234*m + 397. What is the remainder when x(60) is divided by 138?
67
Let n = 43 - 30. Let c(u) = -330*u + 7294. Calculate the remainder when c(22) is divided by n.
8
Let s = 1 + 23. Suppose -192 = -j + 400. Suppose -5*x = c - j, -5*c = 5*x - 198 - 402. Calculate the remainder when x is divided by s.
22
Suppose -223*a - 84 = -219*a. Let f = a + 55. What is the remainder when f is divided by 6?
4
Calculate the remainder when 1257 is divided by 9/(-6) - 6125/(-350).
9
Let i = -2 + 6. Suppose 4*p = -v + 234, 3*p - i*v = 117 + 68. Suppose 227*y + 209*y - 57575 = 107*y. What is the remainder when y is divided by p?
57
What is the remainder when 90/(-252)*-1589 + (-5)/(-2) is divided by 236?
98
Suppose -u - 4*u - 920 = 0. Let c = -162 - u. What is the remainder when 77 is divided by c?
11
Let l = -692 - -1096. Let c = 423 - l. Calculate the remainder when 72 is divided by c.
15
Suppose 28 - 12 = v. Suppose v*f - 9 = 13*f. Suppose -2*m - 2 = 0, 50 + 25 = 2*q + f*m. What is the remainder when 152 is divided by q?
35
Suppose -3*o + 800 = -370*h + 368*h, 1282 = 5*o + 4*h. What is the remainder when 878 is divided by o?
92
Let s(l) = -10*l - 22. Let u be s(-3). Suppose u*n = 13*n - 90. What is the remainder when 124 is divided by n?
16
Calculate the remainder when (-11)/((-11)/(-4))*3*36184/(-48) is divided by 104.
102
Let r = 55 + -60. Let k be -1 - r - (-43 + 4). Let y = k + -36. What is the remainder when 19 is divided by y?
5
Calculate the remainder when 592 is divided by (-60 + (-5543)/(-92))/((-1)/(-28)).
4
Let y(c) be the first derivative of -5*c**3 + 5*c - 1/4*c**4 + 7*c**2 - 12. Calculate the remainder when y(-16) is divided by 20.
17
Suppose -5*v = 3*s + 14, -s = -2*s - 3*v + 2. What is the remainder when (1363/(-116))/((-1)/4) is divided by (-1 - s) + 22/(-11)?
7
Let p(d) = 62*d + 390. What is the remainder when p(9) is divided by 136?
132
Let u(l) = 2*l**3 - 3*l**2 - 8*l - 3. Let j(c) = -5*c**3 - 5*c**2 - 5*c - 1. Let s be j(-1). What is the remainder when 148 is divided by u(s)?
13
Let o = 0 - -4. Suppose o*s = -4*c + 50 + 14, s = 3. Suppose -4*n - 1023 = 4*g - 1407, -n + 144 = -2*g. What is the remainder when n is divided by c?
8
Let r(x) = -x + 39. Let q be r(33). Calculate the remainder when ((-30)/18)/(3/((-7398)/q)) is divided by 43.
40
Suppose 3*m = 392*v - 393*v + 79, -196 = -4*v + 3*m. Let c(d) = -d**2 - 8*d + 9. Let l be (-22)/3 - 3/(-9). What is the remainder when v is divided by c(l)?
7
Calculate the remainder when 358 - (1 - -1 - (-6 + 4)) is divided by 90.
84
Suppose 2*q + t = 155, -54*t - 385 = -5*q - 56*t. Calculate the remainder when q is divided by 33.
9
Let w = -465 + 579. Let q(o) = o**3 + 9*o**2 + 10*o + 5. Let s be q(-8). Let c = 18 - s. Calculate the remainder when w is divided by c.
27
Suppose 4*x - 16464 = -4*b, 2*b + x = -4677 + 12910. Calculate the remainder when b is divided by 137.
7
Let j = 289 - 286. Suppose -5*t + j*s + 239 = 0, -3*t + 8*s - 12*s = -155. What is the remainder when 192 is divided by t?
45
Suppose -3*i - 16 + 103 = 0. What is the remainder when 5133/45 - 1/15 is divided by i?
27
Let n = -234 + 400. Suppose 0 = -2*f + r + r - n, 159 = -2*f - 5*r. Let k = -63 - f. Calculate the remainder when 74 is divided by k.
17
Suppose t + 492 = 4*g, 5*g - 2*t - 256 = 359. Let n = g - 80. Let m = -19 - -28. Calculate the remainder when n is divided by m.
7
Let y be 2 + -1 + (2 - -2 - 2). Suppose w + y*w - 2*i = -136, 188 = -5*w - 2*i. Let s = 117 + w. Calculate the remainder when s is divided by 41.
40
Suppose 0 = -5*l + 12054 + 10276. Suppose -l = -5*g - 4*y, 934 + 2646 = 4*g + 5*y. What is the remainder when g is divided by 19?
16
Let w be 2/4 - (-30)/(-12). Let q be ((-30)/(-9))/(w/(-3)). Suppose q + 1 = j - 5*z, -2*z = -10. What is the remainder when j is divided by 12?
7
Suppose 0 = 50*o + 2*c - 1222, 72*o = 76*o + c - 107. Let b = -161 + 706. Calculate the remainder when b is divided by o.
17
Suppose -25 = 5*a, -3*m + 3*a = 6*a + 33. Calculate the remainder when (m - 112/14)*156/(-14) is divided by 40.
36
Let q(d) be the third derivative of d**6/60 - 7*d**5/30 + 5*d**4/24 - 4*d**3/3 + d**2 - 106*d. What is the remainder when 132 is divided by q(7)?
24
Let w(z) = -z**2 + 16*z - 50. Let q be w(5). Suppose 2*a = 5*k - 0*a - 350, -q*a = 0. Calculate the remainder when 208 i